List the prime factors of 138790672.
2, 659, 13163
What are the prime factors of 45706001?
11, 19, 29, 7541
What are the prime factors of 1130740446?
2, 3, 11, 97, 347, 509
What are the prime factors of 1059664275?
3, 5, 37, 14143
What are the prime factors of 147635455?
5, 11, 97, 27673
What are the prime factors of 90853554?
2, 3, 11, 19, 53, 1367
List the prime factors of 35241067.
19, 1854793
What are the prime factors of 390702595?
5, 7309, 10691
List the prime factors of 130525719.
3, 463, 93971
What are the prime factors of 599254935?
3, 5, 47, 241, 3527
List the prime factors of 40223985.
3, 5, 71, 179, 211
What are the prime factors of 1370272857?
3, 257, 1777267
List the prime factors of 409693315.
5, 103, 379, 2099
List the prime factors of 82606455.
3, 5, 23, 79813
What are the prime factors of 190634003?
7, 97, 223, 1259
What are the prime factors of 7883498?
2, 7, 47, 11981
What are the prime factors of 1669560142?
2, 1153, 724007
What are the prime factors of 91745162?
2, 421, 108961
List the prime factors of 36956730.
2, 3, 5, 29, 107, 397
What are the prime factors of 47997973?
47997973
What are the prime factors of 235959465?
3, 5, 7, 761, 2953
What are the prime factors of 240460259?
13, 251, 73693
List the prime factors of 1442232333.
3, 61, 311, 8447
What are the prime factors of 773593393?
619, 1249747
List the prime factors of 2970405.
3, 5, 22003
List the prime factors of 87651380.
2, 5, 1213, 3613
What are the prime factors of 175443589?
175443589
What are the prime factors of 63579279?
3, 79, 268267
What are the prime factors of 3318953?
11, 31, 9733
What are the prime factors of 156280209?
3, 52093403
What are the prime factors of 973328607?
3, 31, 43, 81131
What are the prime factors of 118751745?
3, 5, 7, 23081
List the prime factors of 159329225.
5, 11, 579379
What are the prime factors of 29802631?
131, 227501
What are the prime factors of 140682142?
2, 1153, 61007
List the prime factors of 93692142.
2, 3, 73, 113, 631
List the prime factors of 80858114.
2, 3623, 11159
List the prime factors of 208290068.
2, 7, 7438931
List the prime factors of 546154443.
3, 60683827
What are the prime factors of 429820108?
2, 107455027
What are the prime factors of 37887303?
3, 12629101
List the prime factors of 25776242.
2, 12888121
What are the prime factors of 5323547390?
2, 5, 7, 101, 752977
What are the prime factors of 3970693795?
5, 3079, 257921
List the prime factors of 5261796140.
2, 5, 17, 15475871
What are the prime factors of 726646632?
2, 3, 30276943
What are the prime factors of 2249921522?
2, 857, 1312673
List the prime factors of 30148574.
2, 29, 519803
What are the prime factors of 198723847?
7, 1301, 21821
List the prime factors of 2133119271.
3, 1493, 476249
List the prime factors of 48865041.
3, 23, 236063
What are the prime factors of 1669989702?
2, 3, 278331617
List the prime factors of 1436128.
2, 44879
What are the prime factors of 16325571?
3, 5441857
List the prime factors of 57172377.
3, 17, 1121027
What are the prime factors of 944166052?
2, 61, 827, 4679
What are the prime factors of 5956894864?
2, 372305929
List the prime factors of 59886111.
3, 1171, 17047
List the prime factors of 98222984.
2, 12277873
What are the prime factors of 461178763?
461178763
List the prime factors of 1120175956.
2, 280043989
What are the prime factors of 90093632?
2, 89, 15817
List the prime factors of 874565214.
2, 3, 145760869
List the prime factors of 1871856731.
79, 23694389
List the prime factors of 86860494.
2, 3, 7, 689369
What are the prime factors of 16226680?
2, 5, 405667
What are the prime factors of 510217248?
2, 3, 5314763
What are the prime factors of 55082613?
3, 43, 426997
What are the prime factors of 129199354?
2, 17, 19, 199999
What are the prime factors of 77841225?
3, 5, 7, 11, 4493
What are the prime factors of 2727237509?
2727237509
List the prime factors of 2426336964.
2, 3, 709, 31687
List the prime factors of 49855135.
5, 11, 17, 71, 751
List the prime factors of 2025327415.
5, 405065483
What are the prime factors of 143120339?
5023, 28493
List the prime factors of 199720469.
13, 281, 54673
What are the prime factors of 4374452?
2, 71, 73, 211
What are the prime factors of 53027188?
2, 13256797
List the prime factors of 24495485.
5, 7, 607, 1153
List the prime factors of 3085568491.
37, 79, 661, 1597
What are the prime factors of 3059759846?
2, 11, 13, 10698461
What are the prime factors of 954761414?
2, 477380707
List the prime factors of 55799764.
2, 13949941
List the prime factors of 128349654.
2, 3, 1153, 18553
What are the prime factors of 76140673?
7, 2939, 3701
What are the prime factors of 114315317?
263, 434659
What are the prime factors of 134558863?
61, 2205883
What are the prime factors of 74391379?
149, 239, 2089
What are the prime factors of 5638097?
37, 152381
What are the prime factors of 359904709?
47, 677, 11311
List the prime factors of 1209436327.
11, 41, 661, 4057
List the prime factors of 74384586.
2, 3, 4132477
What are the prime factors of 644102912?
2, 71, 35437
List the prime factors of 129304646.
2, 64652323
List the prime factors of 5177542.
2, 2588771
List the prime factors of 12780689.
12780689
List the prime factors of 198589577.
19, 10452083
What are the prime factors of 30250915?
5, 29, 208627
List the prime factors of 69714299.
233, 433, 691
What are the prime factors of 2988530350?
2, 5, 13, 4597739
List the prime factors of 51668748.
2, 3, 1435243
What are the prime factors of 249706559?
29, 577, 14923
List the prime factors of 44254531.
44254531
List the prime factors of 2086095345.
3, 5, 5437, 25579
List the prime factors of 6124023296.
2, 47, 254489
What are the prime factors of 884712860?
2, 5, 29, 1525367
List the prime factors of 1359057058.
2, 53, 12821293
What are the prime factors of 3093239343?
3, 1031079781
What are the prime factors of 8263420349?
7759, 1065011
What are the prime factors of 386011536?
2, 3, 8041907
What are the prime factors of 758818844?
2, 7, 4591, 5903
List the prime factors of 64652695.
5, 41, 173, 1823
List the prime factors of 599316069.
3, 11, 19, 43, 22229
What are the prime factors of 255134960?
2, 5, 31, 102877
What are the prime factors of 30314128?
2, 13, 17, 8573
What are the prime factors of 563050413?
3, 20853719
List the prime factors of 45179150.
2, 5, 19, 2503
What are the prime factors of 290402517?
3, 17, 19, 61
What are the prime factors of 358471317?
3, 119490439
What are the prime factors of 137445802?
2, 13, 43, 122939
List the prime factors of 2308305059.
43, 53681513
List the prime factors of 321860997.
3, 53, 674761
List the prime factors of 208884861.
3, 23209429
List the prime factors of 66231542.
2, 13, 191, 13337
List the prime factors of 230298919.
47, 199, 24623
What are the prime factors of 24649444?
2, 653, 9437
List the prime factors of 3984249785.
5, 401, 1987157
List the prime factors of 88305900.
2, 3, 5, 294353
What are the prime factors of 211742362?
2, 13, 8143937
What are the prime factors of 98093310?
2, 3, 5, 7, 251, 1861
What are the prime factors of 1722857086?
2, 73, 11800391
What are the prime factors of 49124500?
2, 5, 19, 5171
List the prime factors of 2356338364.
2, 181, 1291, 2521
List the prime factors of 739717708.
2, 184929427
What are the prime factors of 52998135?
3, 5, 103, 34303
What are the prime factors of 3349040424?
2, 3, 139, 1003909
What are the prime factors of 6399384424?
2, 8849, 90397
List the prime factors of 140922217.
919, 153343
List the prime factors of 196812211.
31, 6348781
List the prime factors of 141453004.
2, 7, 11, 65609
What are the prime factors of 163514684?
2, 19, 2151509
What are the prime factors of 453431792?
2, 11, 31, 41, 2027
List the prime factors of 36303767.
137, 264991
What are the prime factors of 4254878013?
3, 12889, 110039
What are the prime factors of 161893864?
2, 11, 149, 12347
What are the prime factors of 60783628?
2, 15195907
What are the prime factors of 17981665?
5, 13, 17, 16273
List the prime factors of 1066367642.
2, 29, 241, 76289
What are the prime factors of 497254686?
2, 3, 2819, 29399
What are the prime factors of 173115154?
2, 8527, 10151
List the prime factors of 118696069.
463, 256363
List the prime factors o